(-12)?
5
Let a = -2 - 0. Let s be a - (2*-1 + -10). Let g = s + 7. Calculate the remainder when g is divided by 6.
5
Let f = -63 - -90. Suppose 17*s - 14*s - 45 = 0. What is the remainder when f is divided by s?
12
Suppose -5*g + 108 = -7. Calculate the remainder when g is divided by 12.
11
Suppose 32 = 4*z - 24. Let s(c) = 1 + 7*c**2 + 0*c - 3*c + c. Calculate the remainder when s(2) is divided by z.
11
Suppose -l + 2*m = m + 11, -13 = -l - 5*m. Let q(o) = o**3 + 8*o**2 - 4*o - 3. Calculate the remainder when q(l) is divided by 19.
17
Suppose -5*j = -2*j + 3*k - 99, 0 = 2*j - 3*k - 76. What is the remainder when j is divided by 5?
0
Suppose -2*c + 12 = l, -13 - 3 = 4*l. Let d(x) = -x**3 + 7*x**2 + 10*x - 9. Calculate the remainder when 19 is divided by d(c).
5
Let k(q) = 6*q + 2. Calculate the remainder when 54 is divided by k(2).
12
Let d(a) = -8*a**2 + 2*a - 1. Let p(x) = -x**2 + x. Let j(o) = -d(o) + 4*p(o). Calculate the remainder when 8 is divided by j(-1).
2
Suppose 5*f - 2*f - 112 = 2*x, 75 = 2*f - x. Calculate the remainder when f is divided by 3/9 - (-114)/9.
12
Suppose 4*t - 2*n = 2*n + 104, -2*n = 5*t - 144. Calculate the remainder when t is divided by 9.
1
Let p = -4 - -8. What is the remainder when 11 is divided by p?
3
Let h(p) = -p**3 - p**2 + p + 1. Let q be h(-3). Let w = -10 + q. What is the remainder when 16 is divided by w?
4
Let i = -3 + 4. Calculate the remainder when (10*(-20)/(-150))/(8/6) is divided by i.
0
Suppose -4*k + 2 = -5*d, -5*d + 2 + 11 = k. Let r = 12 + d. Let q(n) = -n**2 + 7*n - 1. What is the remainder when r is divided by q(6)?
4
Suppose -4*r - 3 = -19. Suppose 2*n - i = r*n - 31, 5*n - 82 = -i. Calculate the remainder when n is divided by 4.
1
Suppose -4*c - f + 70 = -69, 3*f + 161 = 5*c. Suppose -211 = -3*s - c. Let z = -17 - -37. Calculate the remainder when s is divided by z.
19
Let m(y) = -y**2 + 8*y + 3. Let a be m(12). Let l = -9 - a. What is the remainder when l is divided by 13?
10
Let r(j) = -j + 38. Calculate the remainder when r(-17) is divided by 4.
3
Let k(q) = q**3 + 8*q**2 + 8*q - 6. Calculate the remainder when 87 is divided by k(-6).
15
What is the remainder when (-6)/(-4)*-59*(-2)/3 is divided by 23?
13
Suppose -118 + 541 = 9*x. What is the remainder when x is divided by 7?
5
Let g = -60 + 87. Calculate the remainder when ((-32)/(-24))/((-4)/(-9)) - -48 is divided by g.
24
Let h = 1 - 3. Calculate the remainder when -2 - ((-57 - h) + 2) is divided by 26.
25
Let d(p) = 3*p + 3. Let s = -3 - -6. Suppose s*y = -0*f + f - 1, 2*f - 2*y = 6. Calculate the remainder when d(f) is divided by 8.
7
Suppose 0 = -3*p + 52 + 20. Calculate the remainder when 4/(-5 - (-7 - -4)) + 49 is divided by p.
23
What is the remainder when 113 is divided by ((-145)/(-20))/(4/16)?
26
Let g be 3 + -3 - (-81)/(-1) - -3. Let x = 37 + 108. Let b = g + x. What is the remainder when b is divided by 23?
21
Suppose -2*q + 0 = -4. Suppose 0 = -4*i - 5*f + 97, 3*i + q*f - 78 = -0*i. Calculate the remainder when 81 is divided by i.
25
Suppose 68 + 98 = 2*g - 4*h, -4*h + 101 = g. Calculate the remainder when g is divided by 23.
20
Suppose 25 + 10 = -5*h. Let t = h - -10. Suppose -2*r - 3*a + 89 = 0, -5*r - 13 + 231 = t*a. What is the remainder when r is divided by 15?
13
Suppose -3*f = 2*a - 143, -5*a - 6 - 121 = -2*f. Calculate the remainder when f is divided by 28.
23
Suppose -3*i + 165 = 2*i - 3*a, 4*i = 2*a + 132. What is the remainder when 129 is divided by i?
30
What is the remainder when 26 is divided by (-1)/((-52)/(-18) - 3)?
8
Suppose 27 = 4*x - 9. Calculate the remainder when 16 is divided by x.
7
Suppose 3*q - 208 = g, 3*q - 2*g - 76 = 2*q. What is the remainder when q is divided by 20?
8
Let a = 63 + -50. What is the remainder when 51 is divided by a?
12
Let p(f) = f**3 + 33. What is the remainder when p(0) is divided by 12?
9
Suppose 3*j + 14 = 65. What is the remainder when j is divided by 11?
6
Let j = -39 + 131. Suppose 352 = 5*v + j. What is the remainder when v is divided by ((-4)/(-3))/(6/81)?
16
Let r be (6/5)/((-4)/10). Calculate the remainder when 64 is divided by r/(1/(-1)) + 10.
12
Suppose 0 = p + 2*p + 3. Let b = 8 - 0. Calculate the remainder when 17/1 + (-3 - p) is divided by b.
7
Let l(z) = 2*z + 9. Let n be l(-7). Let y = 27 + n. Let i = 9 - -3. What is the remainder when y is divided by i?
10
Suppose -3*h + 3*z = -72, 5*h - 170 = -0*z - 5*z. Suppose -t - x = -0*x - h, 2*t - x = 49. Calculate the remainder when t is divided by 7.
5
Let t(i) = 5*i - 5. Let j be t(4). Let v(m) = 8*m + 17. Calculate the remainder when v(j) is divided by 35.
32
Let i(o) = 22*o**2 - o + 2. What is the remainder when 58 is divided by i(1)?
12
Suppose -5*q - 19 - 20 = -3*k, -2*k - 4*q + 4 = 0. Suppose 2*d + k = -0. What is the remainder when (-2)/d*(108 + -2) is divided by 14?
11
What is the remainder when 57 is divided by (10 + 0)/(65/10 - 6)?
17
Let y be (-2 - -1)*(2 + -26). Let l = -41 - -46. Suppose -1 = -l*d + y. Calculate the remainder when 14 is divided by d.
4
Let a(r) be the third derivative of -r**4/24 - r**3/6 + r**2. Let d be a(-4). Suppose 0 = -z - d + 33. Calculate the remainder when z is divided by 8.
6
Let v = -36 + 8. Let w = v - -74. Calculate the remainder when w is divided by 12.
10
Let x(p) = -p**3 - p**2 - p - 3. Calculate the remainder when x(-3) is divided by 3.
0
Suppose -3*y + 176 = -61. Calculate the remainder when y is divided by 27.
25
Suppose -o + 130 = o. Let h(l) = -16*l + 17. What is the remainder when o is divided by h(0)?
14
Let z = 15 - -9. What is the remainder when 69 is divided by z?
21
Let v = 3 + -1. Suppose -v*z + 3*z - 42 = 0. What is the remainder when z is divided by 11?
9
Suppose 2*f - 10 = 22. Let p(j) = -j**2 + 14*j - 3. Calculate the remainder when p(7) is divided by f.
14
Let n(s) = -43*s**3 - s**2 - 3*s - 2. Calculate the remainder when 81 is divided by n(-1).
38
Suppose 2*u - c = 36, 4*u - 3*u - 5*c = 9. What is the remainder when u is divided by 7?
5
Let h(k) = -2*k**2 - 21*k - 11. Let u(r) = -3*r**2 - 31*r - 16. Let x(f) = -7*h(f) + 5*u(f). Let n = 0 - -22. What is the remainder when n is divided by x(-5)?
10
Suppose 2*m - 8 + 0 = 0. Calculate the remainder when 10 is divided by m.
2
Let q = 23 + -12. Let w(n) = -n**3 + 11*n**2 + 12. Let l be w(11). What is the remainder when q is divided by l*(1 - 3/6)?
5
Suppose 5*r - 137 = -m, -2*m + 149 = 5*r - 5*m. What is the remainder when 111 is divided by r?
27
Calculate the remainder when (-2)/(-9) + (-215)/(-45) is divided by 3.
2
Suppose -7*z + 61 = -44. Calculate the remainder when z is divided by 4.
3
Suppose -5*c + 22 = -4*c. What is the remainder when c is divided by 5?
2
Let v(m) = 0*m**3 + m**2 - 8*m**2 - 5*m - 10 - m**3. Let c = -17 + 10. Calculate the remainder when v(c) is divided by 13.
12
Suppose 5*n + s - 544 = 2*s, -4*s + 549 = 5*n. What is the remainder when n is divided by 28?
25
Suppose -56 = 4*j - 0*j. Let h(g) = g**3 + 14*g**2 - 3*g + 12. What is the remainder when h(j) is divided by 14?
12
Suppose 2*g - 56 = -2*b, -105 - 26 = -5*g - 2*b. What is the remainder when g is divided by 7?
4
Suppose p + 77 = -k, -5*p - k - 100 = 281. Let c = -52 - p. Suppose -6*x + 3*x + 4*n = -150, -5*n + 215 = 5*x. Calculate the remainder when x is divided by c.
22
Let l be 3*235*(-12)/(-10). Let m be l/21 - 4/14. Suppose 0 = 5*i - i - 8, 4*k - m = -2*i. What is the remainder when 25 is divided by k?
7
Let m = -13 + 10. Let v = 0 - m. Calculate the remainder when 7 is divided by v.
1
Let x be (-1)/(15/(-12) - -1). Let p = 8 - x. What is the remainder when 7 is divided by p?
3
Let z(v) = -v**3 - 9*v**2 - 11*v - 20. Calculate the remainder when 25 is divided by z(-8).
1
Let d be (2 + 0)*(-2 - -4). Suppose 2*u = -5*a + 117, d*a + 3*u + 49 = 144. Let f = 14 - 6. What is the remainder when a is divided by f?
7
Let l = 3 + 1. Suppose -c + 4*c + 4*r - 216 = 0, -l*r - 144 = -2*c. Calculate the remainder when c is divided by 19.
15
Let w = 35 - 15. Suppose 2*r - 3*r = -5. Let v = r + w. What is the remainder when v is divided by 9?
7
Suppose 5*m + 0*u = -2*u + 37, 5*u + 9 = 2*m. Let z(t) = 2*t - 8. Calculate the remainder when m is divided by z(6).
3
Suppose -2*d + 4*m - m = 4, 5*d - 4 = 4*m. Suppose d*p - 23 = 45. Calculate th